{"id":2785,"date":"2013-12-16T13:54:47","date_gmt":"2013-12-16T12:54:47","guid":{"rendered":"http:\/\/et-si.net\/Blog\/couvertures-de-livres-book-covers\/"},"modified":"2015-09-15T10:14:48","modified_gmt":"2015-09-15T08:14:48","slug":"couvertures-de-livres-book-covers","status":"publish","type":"page","link":"https:\/\/et-si.net\/Blog\/couvertures-de-livres-book-covers\/","title":{"rendered":"Couvertures de livres \/ Book covers"},"content":{"rendered":"<p>FR : Des couvertures de roman que j&rsquo;ai r\u00e9alis\u00e9 pour diff\u00e9rents clients.<br \/>\nENG : Book covers I made for various clients.<\/p>\n<div id='gallery-1' class='gallery galleryid-2785 gallery-columns-3 gallery-size-thumbnail'><figure class='gallery-item'>\n\t\t\t<div class='gallery-icon landscape'>\n\t\t\t\t<a href='https:\/\/et-si.net\/Blog\/wp-content\/uploads\/2013\/10\/couv_helena_31.jpg'><img loading=\"lazy\" decoding=\"async\" width=\"150\" height=\"150\" src=\"https:\/\/et-si.net\/Blog\/wp-content\/uploads\/2013\/10\/couv_helena_31-150x150.jpg\" class=\"attachment-thumbnail size-thumbnail\" alt=\"\" \/><\/a>\n\t\t\t<\/div><\/figure><figure class='gallery-item'>\n\t\t\t<div class='gallery-icon portrait'>\n\t\t\t\t<a href='https:\/\/et-si.net\/Blog\/wp-content\/uploads\/2013\/12\/Couv-couleur-10.jpg'><img loading=\"lazy\" decoding=\"async\" width=\"150\" height=\"150\" src=\"https:\/\/et-si.net\/Blog\/wp-content\/uploads\/2013\/12\/Couv-couleur-10-150x150.jpg\" class=\"attachment-thumbnail size-thumbnail\" alt=\"\" \/><\/a>\n\t\t\t<\/div><\/figure><figure class='gallery-item'>\n\t\t\t<div class='gallery-icon portrait'>\n\t\t\t\t<a href='https:\/\/et-si.net\/Blog\/wp-content\/uploads\/2013\/12\/14-CouleurFaim.jpg'><img loading=\"lazy\" decoding=\"async\" width=\"150\" height=\"150\" src=\"https:\/\/et-si.net\/Blog\/wp-content\/uploads\/2013\/12\/14-CouleurFaim-150x150.jpg\" class=\"attachment-thumbnail size-thumbnail\" alt=\"\" \/><\/a>\n\t\t\t<\/div><\/figure><figure class='gallery-item'>\n\t\t\t<div class='gallery-icon portrait'>\n\t\t\t\t<a href='https:\/\/et-si.net\/Blog\/wp-content\/uploads\/2013\/12\/16-Alaet.jpg'><img loading=\"lazy\" decoding=\"async\" width=\"150\" height=\"150\" src=\"https:\/\/et-si.net\/Blog\/wp-content\/uploads\/2013\/12\/16-Alaet-150x150.jpg\" class=\"attachment-thumbnail size-thumbnail\" alt=\"\" \/><\/a>\n\t\t\t<\/div><\/figure><figure class='gallery-item'>\n\t\t\t<div class='gallery-icon portrait'>\n\t\t\t\t<a href='https:\/\/et-si.net\/Blog\/wp-content\/uploads\/2013\/12\/prophetionnel-t1-editions-octobre.jpg'><img loading=\"lazy\" decoding=\"async\" width=\"150\" height=\"150\" src=\"https:\/\/et-si.net\/Blog\/wp-content\/uploads\/2013\/12\/prophetionnel-t1-editions-octobre-150x150.jpg\" class=\"attachment-thumbnail size-thumbnail\" alt=\"\" \/><\/a>\n\t\t\t<\/div><\/figure><figure class='gallery-item'>\n\t\t\t<div class='gallery-icon portrait'>\n\t\t\t\t<a href='https:\/\/et-si.net\/Blog\/wp-content\/uploads\/2013\/12\/prophetionnel-t2-editions-octobre.jpg'><img loading=\"lazy\" decoding=\"async\" width=\"150\" height=\"150\" src=\"https:\/\/et-si.net\/Blog\/wp-content\/uploads\/2013\/12\/prophetionnel-t2-editions-octobre-150x150.jpg\" class=\"attachment-thumbnail size-thumbnail\" alt=\"\" \/><\/a>\n\t\t\t<\/div><\/figure><figure class='gallery-item'>\n\t\t\t<div class='gallery-icon portrait'>\n\t\t\t\t<a href='https:\/\/et-si.net\/Blog\/wp-content\/uploads\/2013\/12\/couv-finale-v2.jpg'><img loading=\"lazy\" decoding=\"async\" width=\"150\" height=\"150\" src=\"https:\/\/et-si.net\/Blog\/wp-content\/uploads\/2013\/12\/couv-finale-v2-150x150.jpg\" class=\"attachment-thumbnail size-thumbnail\" alt=\"\" \/><\/a>\n\t\t\t<\/div><\/figure><figure class='gallery-item'>\n\t\t\t<div class='gallery-icon portrait'>\n\t\t\t\t<a href='https:\/\/et-si.net\/Blog\/wp-content\/uploads\/2013\/12\/croquis-1-08.jpg'><img loading=\"lazy\" decoding=\"async\" width=\"150\" height=\"150\" src=\"https:\/\/et-si.net\/Blog\/wp-content\/uploads\/2013\/12\/croquis-1-08-150x150.jpg\" class=\"attachment-thumbnail size-thumbnail\" alt=\"\" \/><\/a>\n\t\t\t<\/div><\/figure><figure class='gallery-item'>\n\t\t\t<div class='gallery-icon portrait'>\n\t\t\t\t<a href='https:\/\/et-si.net\/Blog\/wp-content\/uploads\/2013\/12\/Epita-01.jpg'><img loading=\"lazy\" decoding=\"async\" width=\"150\" height=\"150\" src=\"https:\/\/et-si.net\/Blog\/wp-content\/uploads\/2013\/12\/Epita-01-150x150.jpg\" class=\"attachment-thumbnail size-thumbnail\" alt=\"\" \/><\/a>\n\t\t\t<\/div><\/figure><figure class='gallery-item'>\n\t\t\t<div class='gallery-icon portrait'>\n\t\t\t\t<a href='https:\/\/et-si.net\/Blog\/wp-content\/uploads\/2013\/12\/es-m-final-web.jpg'><img loading=\"lazy\" decoding=\"async\" width=\"150\" height=\"150\" src=\"https:\/\/et-si.net\/Blog\/wp-content\/uploads\/2013\/12\/es-m-final-web-150x150.jpg\" class=\"attachment-thumbnail size-thumbnail\" alt=\"\" \/><\/a>\n\t\t\t<\/div><\/figure>\n\t\t<\/div>\n\n","protected":false},"excerpt":{"rendered":"<p>FR : Des couvertures de roman que j&rsquo;ai r\u00e9alis\u00e9 pour diff\u00e9rents clients. ENG : Book covers I made for various clients.<\/p>\n","protected":false},"author":2,"featured_media":6094,"parent":0,"menu_order":0,"comment_status":"open","ping_status":"open","template":"","meta":{"footnotes":""},"class_list":["post-2785","page","type-page","status-publish","has-post-thumbnail","hentry"],"_links":{"self":[{"href":"https:\/\/et-si.net\/Blog\/wp-json\/wp\/v2\/pages\/2785","targetHints":{"allow":["GET"]}}],"collection":[{"href":"https:\/\/et-si.net\/Blog\/wp-json\/wp\/v2\/pages"}],"about":[{"href":"https:\/\/et-si.net\/Blog\/wp-json\/wp\/v2\/types\/page"}],"author":[{"embeddable":true,"href":"https:\/\/et-si.net\/Blog\/wp-json\/wp\/v2\/users\/2"}],"replies":[{"embeddable":true,"href":"https:\/\/et-si.net\/Blog\/wp-json\/wp\/v2\/comments?post=2785"}],"version-history":[{"count":0,"href":"https:\/\/et-si.net\/Blog\/wp-json\/wp\/v2\/pages\/2785\/revisions"}],"wp:featuredmedia":[{"embeddable":true,"href":"https:\/\/et-si.net\/Blog\/wp-json\/wp\/v2\/media\/6094"}],"wp:attachment":[{"href":"https:\/\/et-si.net\/Blog\/wp-json\/wp\/v2\/media?parent=2785"}],"curies":[{"name":"wp","href":"https:\/\/api.w.org\/{rel}","templated":true}]}}