{"id":21623,"date":"2025-06-27T10:44:46","date_gmt":"2025-06-27T08:44:46","guid":{"rendered":"https:\/\/et-si.net\/Blog\/?post_type=product&#038;p=21623"},"modified":"2025-11-27T19:35:35","modified_gmt":"2025-11-27T18:35:35","slug":"renardeau-reveur-original-a5","status":"publish","type":"product","link":"https:\/\/et-si.net\/Blog\/produit\/renardeau-reveur-original-a5\/","title":{"rendered":"Renardeau r\u00eaveur \u2013 \u0152uvre originale sign\u00e9e (A5)"},"content":{"rendered":"<p><strong>Un petit renard au sourire tranquille, peint \u00e0 la main sur papier \u00e9pais, dans une palette douce et lumineuse.<\/strong><\/p>\n<p>Cette illustration est une \u0153uvre originale, non reproduite, sign\u00e9e au dos par l\u2019artiste.<\/p>\n<p><strong><em>Inspir\u00e9e par l\u2019univers tendre de l\u2019enfance, elle trouvera naturellement sa place dans une chambre, un coin lecture ou un espace cr\u00e9atif<\/em>.<\/strong><\/p>\n<p>Technique : encres et aquarelle<br \/>\nFormat : A5 (14,8 x 21 cm), coins arrondis<br \/>\nSupport : papier \u00e9pais \u00e0 grain l\u00e9ger<br \/>\n\ufe0fSignature : au dos<br \/>\nEmballage : exp\u00e9dition prot\u00e9g\u00e9e, sous pochette cartonn\u00e9e rigide<\/p>\n<p><strong>\u0152uvre unique \u2013 il n\u2019en existe qu\u2019un seul exemplaire.<\/strong><\/p>\n","protected":false},"excerpt":{"rendered":"<p>\u0152uvre originale peinte \u00e0 la main. Format A5, encre et aquarelle sur papier \u00e9pais. Sign\u00e9e au dos. <strong>Pi\u00e8ce unique<\/strong>.<\/p>\n","protected":false},"featured_media":21624,"comment_status":"open","ping_status":"closed","template":"","meta":[],"product_brand":[],"product_cat":[420,1041],"product_tag":[421,392,979,980],"class_list":{"0":"post-21623","1":"product","2":"type-product","3":"status-publish","4":"has-post-thumbnail","6":"product_cat-animaux","7":"product_cat-originaux","8":"product_tag-animaux","9":"product_tag-aquarelle","10":"product_tag-enfant","11":"product_tag-mignon","13":"first","14":"instock","15":"taxable","16":"shipping-taxable","17":"purchasable","18":"product-type-simple"},"_links":{"self":[{"href":"https:\/\/et-si.net\/Blog\/wp-json\/wp\/v2\/product\/21623","targetHints":{"allow":["GET"]}}],"collection":[{"href":"https:\/\/et-si.net\/Blog\/wp-json\/wp\/v2\/product"}],"about":[{"href":"https:\/\/et-si.net\/Blog\/wp-json\/wp\/v2\/types\/product"}],"replies":[{"embeddable":true,"href":"https:\/\/et-si.net\/Blog\/wp-json\/wp\/v2\/comments?post=21623"}],"wp:featuredmedia":[{"embeddable":true,"href":"https:\/\/et-si.net\/Blog\/wp-json\/wp\/v2\/media\/21624"}],"wp:attachment":[{"href":"https:\/\/et-si.net\/Blog\/wp-json\/wp\/v2\/media?parent=21623"}],"wp:term":[{"taxonomy":"product_brand","embeddable":true,"href":"https:\/\/et-si.net\/Blog\/wp-json\/wp\/v2\/product_brand?post=21623"},{"taxonomy":"product_cat","embeddable":true,"href":"https:\/\/et-si.net\/Blog\/wp-json\/wp\/v2\/product_cat?post=21623"},{"taxonomy":"product_tag","embeddable":true,"href":"https:\/\/et-si.net\/Blog\/wp-json\/wp\/v2\/product_tag?post=21623"}],"curies":[{"name":"wp","href":"https:\/\/api.w.org\/{rel}","templated":true}]}}