{"id":21749,"date":"2025-07-01T16:04:25","date_gmt":"2025-07-01T14:04:25","guid":{"rendered":"https:\/\/et-si.net\/Blog\/?post_type=product&#038;p=21749"},"modified":"2025-11-27T19:35:34","modified_gmt":"2025-11-27T18:35:34","slug":"femme-et-cafe-0004-original","status":"publish","type":"product","link":"https:\/\/et-si.net\/Blog\/produit\/femme-et-cafe-0004-original\/","title":{"rendered":"Femme et caf\u00e9 0004 \u2013 \u0152uvre originale sign\u00e9e (10 x 12.5cm)"},"content":{"rendered":"<p data-start=\"301\" data-end=\"516\">Assise \u00e0 une terrasse face \u00e0 la mer, une femme consulte son t\u00e9l\u00e9phone avec une posture d\u00e9tendue, un verre et un bol pos\u00e9s sur la table jaune. L\u2019ambiance \u00e9voque les vacances, entre bain de soleil et instant connect\u00e9. Peinte \u00e0 la main sur papier \u00e9pais, cette sc\u00e8ne lumineuse joue sur des contrastes de rose doux, de rayures noires et de lavis bleu. L\u2019\u0153uvre capture avec fra\u00eecheur un moment du quotidien estival, id\u00e9al pour insuffler un parfum d\u2019\u00e9vasion dans un int\u00e9rieur.<\/p>\n<ul data-start=\"735\" data-end=\"1013\">\n<li data-start=\"735\" data-end=\"779\">\n<p data-start=\"737\" data-end=\"779\"><strong data-start=\"737\" data-end=\"750\">Technique<\/strong> : aquarelle (lavis et encre)<\/p>\n<\/li>\n<li data-start=\"780\" data-end=\"807\">\n<p data-start=\"782\" data-end=\"807\"><strong data-start=\"782\" data-end=\"792\">Format<\/strong> : 10 x 12,5 cm<\/p>\n<\/li>\n<li data-start=\"808\" data-end=\"859\">\n<p data-start=\"810\" data-end=\"859\"><strong data-start=\"810\" data-end=\"821\">Support<\/strong> : papier cellulose 250 g, grain l\u00e9ger<\/p>\n<\/li>\n<li data-start=\"860\" data-end=\"884\">\n<p data-start=\"862\" data-end=\"884\"><strong data-start=\"862\" data-end=\"875\">Signature<\/strong> : au dos<\/p>\n<\/li>\n<li data-start=\"885\" data-end=\"955\">\n<p data-start=\"887\" data-end=\"955\"><strong data-start=\"887\" data-end=\"900\">Emballage<\/strong> : exp\u00e9dition prot\u00e9g\u00e9e sous pochette cartonn\u00e9e rigide<\/p>\n<\/li>\n<li data-start=\"956\" data-end=\"1013\">\n<p data-start=\"958\" data-end=\"1013\"><strong data-start=\"958\" data-end=\"974\">\u0152uvre unique<\/strong> \u2013 il n\u2019en existe qu\u2019un seul exemplaire<\/p>\n<\/li>\n<\/ul>\n<p data-start=\"1015\" data-end=\"1103\" data-is-last-node=\"\" data-is-only-node=\"\">\n","protected":false},"excerpt":{"rendered":"<p>\u0152uvre originale peinte \u00e0 la main. Format 10 x 12.5 cm, encre sur papier cellulose 250g. Sign\u00e9e au dos. Pi\u00e8ce unique.<\/p>\n","protected":false},"featured_media":21750,"comment_status":"open","ping_status":"closed","template":"","meta":[],"product_brand":[],"product_cat":[1002,1001,1041,1000],"product_tag":[1005,1004,1007,1006],"class_list":{"0":"post-21749","1":"product","2":"type-product","3":"status-publish","4":"has-post-thumbnail","6":"product_cat-cafe","7":"product_cat-femme","8":"product_cat-originaux","9":"product_cat-portrait","10":"product_tag-cafe","11":"product_tag-femme","12":"product_tag-plage","13":"product_tag-terrasse","14":"product_shipping_class-original-assure","16":"first","17":"instock","18":"taxable","19":"shipping-taxable","20":"purchasable","21":"product-type-simple"},"_links":{"self":[{"href":"https:\/\/et-si.net\/Blog\/wp-json\/wp\/v2\/product\/21749","targetHints":{"allow":["GET"]}}],"collection":[{"href":"https:\/\/et-si.net\/Blog\/wp-json\/wp\/v2\/product"}],"about":[{"href":"https:\/\/et-si.net\/Blog\/wp-json\/wp\/v2\/types\/product"}],"replies":[{"embeddable":true,"href":"https:\/\/et-si.net\/Blog\/wp-json\/wp\/v2\/comments?post=21749"}],"wp:featuredmedia":[{"embeddable":true,"href":"https:\/\/et-si.net\/Blog\/wp-json\/wp\/v2\/media\/21750"}],"wp:attachment":[{"href":"https:\/\/et-si.net\/Blog\/wp-json\/wp\/v2\/media?parent=21749"}],"wp:term":[{"taxonomy":"product_brand","embeddable":true,"href":"https:\/\/et-si.net\/Blog\/wp-json\/wp\/v2\/product_brand?post=21749"},{"taxonomy":"product_cat","embeddable":true,"href":"https:\/\/et-si.net\/Blog\/wp-json\/wp\/v2\/product_cat?post=21749"},{"taxonomy":"product_tag","embeddable":true,"href":"https:\/\/et-si.net\/Blog\/wp-json\/wp\/v2\/product_tag?post=21749"}],"curies":[{"name":"wp","href":"https:\/\/api.w.org\/{rel}","templated":true}]}}